{"id":30,"date":"2016-09-09T16:06:00","date_gmt":"2016-09-09T19:06:00","guid":{"rendered":"https:\/\/bfm-leoni.c9users.io\/?page_id=30"},"modified":"2023-08-25T10:25:41","modified_gmt":"2023-08-25T13:25:41","slug":"sobre","status":"publish","type":"page","link":"https:\/\/bfm.com.br\/index.php\/sobre\/","title":{"rendered":"Sobre n\u00f3s"},"content":{"rendered":"<p>Desde 1994, a BFM \u00e9 uma transportadora voltada para o vasto mercado de importa\u00e7\u00e3o e exporta\u00e7\u00e3o.<\/p>\n<p>&nbsp;<\/p>\n<p>O foco principal \u00e9 o cliente e sua satisfa\u00e7\u00e3o, propondo uma parceria forte e duradoura:<\/p>\n<p>&nbsp;<\/p>\n<p>*servi\u00e7os de qualidade e com orienta\u00e7\u00e3o aos clientes;<\/p>\n<p>&nbsp;<\/p>\n<p>*efic\u00e1cia e rapidez nas movimenta\u00e7\u00f5es das cargas;<\/p>\n<p>&nbsp;<\/p>\n<p>Dessa forma, a BFM est\u00e1 apta para atender clientes com diversos tipos de interesse, oferecendo sempre solu\u00e7\u00f5es inovadoras e inteligentes no mercado importador \/ exportador e nos processos log\u00edsticos, garantindo sucesso em todas as opera\u00e7\u00f5es.<\/p>\n","protected":false},"excerpt":{"rendered":"<p>Desde 1994, a BFM \u00e9 uma transportadora voltada para o vasto mercado de importa\u00e7\u00e3o e exporta\u00e7\u00e3o. &nbsp; O foco principal \u00e9 o cliente e sua satisfa\u00e7\u00e3o, propondo uma parceria forte e duradoura: &nbsp; *servi\u00e7os de qualidade e com orienta\u00e7\u00e3o aos clientes; &nbsp; *efic\u00e1cia e rapidez nas movimenta\u00e7\u00f5es das cargas; &nbsp; Dessa forma, a BFM est\u00e1 [&hellip;]<\/p>\n","protected":false},"author":1,"featured_media":97,"parent":0,"menu_order":0,"comment_status":"closed","ping_status":"closed","template":"page-sobre.php","meta":{"footnotes":""},"acf":[],"_links":{"self":[{"href":"https:\/\/bfm.com.br\/index.php\/wp-json\/wp\/v2\/pages\/30"}],"collection":[{"href":"https:\/\/bfm.com.br\/index.php\/wp-json\/wp\/v2\/pages"}],"about":[{"href":"https:\/\/bfm.com.br\/index.php\/wp-json\/wp\/v2\/types\/page"}],"author":[{"embeddable":true,"href":"https:\/\/bfm.com.br\/index.php\/wp-json\/wp\/v2\/users\/1"}],"replies":[{"embeddable":true,"href":"https:\/\/bfm.com.br\/index.php\/wp-json\/wp\/v2\/comments?post=30"}],"version-history":[{"count":3,"href":"https:\/\/bfm.com.br\/index.php\/wp-json\/wp\/v2\/pages\/30\/revisions"}],"predecessor-version":[{"id":124,"href":"https:\/\/bfm.com.br\/index.php\/wp-json\/wp\/v2\/pages\/30\/revisions\/124"}],"wp:featuredmedia":[{"embeddable":true,"href":"https:\/\/bfm.com.br\/index.php\/wp-json\/wp\/v2\/media\/97"}],"wp:attachment":[{"href":"https:\/\/bfm.com.br\/index.php\/wp-json\/wp\/v2\/media?parent=30"}],"curies":[{"name":"wp","href":"https:\/\/api.w.org\/{rel}","templated":true}]}}